the prime factors of 111.
3, 37
What are the prime factors of 151?
151
List the prime factors of 7288.
2, 911
What are the prime factors of 81106?
2, 107, 379
List the prime factors of 2199.
3, 733
What are the prime factors of 4340?
2, 5, 7, 31
List the prime factors of 10.
2, 5
What are the prime factors of 571?
571
List the prime factors of 4404.
2, 3, 367
List the prime factors of 1264.
2, 79
What are the prime factors of 2351?
2351
What are the prime factors of 16482?
2, 3, 41, 67
What are the prime factors of 223?
223
List the prime factors of 33257.
7, 4751
What are the prime factors of 14692?
2, 3673
What are the prime factors of 12144?
2, 3, 11, 23
What are the prime factors of 29602?
2, 19, 41
What are the prime factors of 846?
2, 3, 47
What are the prime factors of 73170?
2, 3, 5, 271
What are the prime factors of 7461?
3, 829
List the prime factors of 3223.
11, 293
List the prime factors of 266.
2, 7, 19
What are the prime factors of 917?
7, 131
List the prime factors of 26282.
2, 17, 773
What are the prime factors of 75486?
2, 3, 23, 547
What are the prime factors of 3635?
5, 727
List the prime factors of 8.
2
List the prime factors of 105.
3, 5, 7
List the prime factors of 5555.
5, 11, 101
List the prime factors of 7513.
11, 683
What are the prime factors of 277?
277
List the prime factors of 1855.
5, 7, 53
What are the prime factors of 5914?
2, 2957
What are the prime factors of 42187?
42187
List the prime factors of 30598.
2, 15299
What are the prime factors of 861?
3, 7, 41
List the prime factors of 4020.
2, 3, 5, 67
What are the prime factors of 6091?
6091
What are the prime factors of 45218?
2, 23, 983
List the prime factors of 1702.
2, 23, 37
What are the prime factors of 136965?
3, 5, 23, 397
What are the prime factors of 1921?
17, 113
List the prime factors of 785.
5, 157
What are the prime factors of 8478?
2, 3, 157
What are the prime factors of 2644?
2, 661
List the prime factors of 42904.
2, 31, 173
What are the prime factors of 7599?
3, 17, 149
List the prime factors of 8300.
2, 5, 83
What are the prime factors of 64872?
2, 3, 17, 53
List the prime factors of 96670.
2, 5, 7, 1381
List the prime factors of 2506.
2, 7, 179
List the prime factors of 433.
433
What are the prime factors of 20264?
2, 17, 149
List the prime factors of 464.
2, 29
List the prime factors of 53158.
2, 7, 3797
List the prime factors of 5186.
2, 2593
List the prime factors of 10980.
2, 3, 5, 61
List the prime factors of 35600.
2, 5, 89
List the prime factors of 3356.
2, 839
List the prime factors of 1455.
3, 5, 97
List the prime factors of 3971.
11, 19
What are the prime factors of 80481?
3, 139, 193
What are the prime factors of 97899?
3, 32633
List the prime factors of 2431.
11, 13, 17
List the prime factors of 3202.
2, 1601
List the prime factors of 948.
2, 3, 79
What are the prime factors of 3218?
2, 1609
What are the prime factors of 13859?
13859
List the prime factors of 1757.
7, 251
List the prime factors of 2439.
3, 271
List the prime factors of 23214.
2, 3, 53, 73
List the prime factors of 39145.
5, 7829
List the prime factors of 6773.
13, 521
List the prime factors of 16708.
2, 4177
What are the prime factors of 2675?
5, 107
List the prime factors of 7019.
7019
List the prime factors of 917.
7, 131
What are the prime factors of 13219?
13219
List the prime factors of 9763.
13, 751
List the prime factors of 2576.
2, 7, 23
What are the prime factors of 853?
853
List the prime factors of 32544.
2, 3, 113
List the prime factors of 145766.
2, 72883
List the prime factors of 6869.
6869
What are the prime factors of 32024?
2, 4003
What are the prime factors of 125124?
2, 3, 10427
What are the prime factors of 8417?
19, 443
What are the prime factors of 3656?
2, 457
List the prime factors of 8350.
2, 5, 167
List the prime factors of 662.
2, 331
What are the prime factors of 8488?
2, 1061
What are the prime factors of 3968?
2, 31
What are the prime factors of 3992?
2, 499
List the prime factors of 663.
3, 13, 17
List the prime factors of 4162.
2, 2081
What are the prime factors of 1259?
1259
What are the prime factors of 33120?
2, 3, 5, 23
List the prime factors of 33947.
83, 409
What are the prime factors of 29644?
2, 7411
What are the prime factors of 20653?
19, 1087
What are the prime factors of 10514?
2, 7, 751
List the prime factors of 19749.
3, 29, 227
List the prime factors of 4534.
2, 2267
What are the prime factors of 113?
113
What are the prime factors of 16907?
11, 29, 53
List the prime factors of 3335.
5, 23, 29
List the prime factors of 3254.
2, 1627
What are the prime factors of 418?
2, 11, 19
What are the prime factors of 11791?
13, 907
What are the prime factors of 1929?
3, 643
What are the prime factors of 33631?
13, 199
List the prime factors of 1998.
2, 3, 37
List the prime factors of 1655.
5, 331
What are the prime factors of 2779?
7, 397
List the prime factors of 1006.
2, 503
What are the prime factors of 3775?
5, 151
What are the prime factors of 60990?
2, 3, 5, 19, 107
What are the prime factors of 5883?
3, 37, 53
List the prime factors of 132800.
2, 5, 83
List the prime factors of 561.
3, 11, 17
List the prime factors of 742.
2, 7, 53
What are the prime factors of 22943?
22943
What are the prime factors of 67117?
41, 1637
List the prime factors of 178692.
2, 3, 14891
List the prime factors of 10794.
2, 3, 7, 257
List the prime factors of 11127.
3, 3709
What are the prime factors of 9344?
2, 73
List the prime factors of 37022.
2, 107, 173
List the prime factors of 90400.
2, 5, 113
What are the prime factors of 6489?
3, 7, 103
List the prime factors of 2166.
2, 3, 19
List the prime factors of 10893.
3, 3631
What are the prime factors of 97513?
13, 577
List the prime factors of 116390.
2, 5, 103, 113
List the prime factors of 1762.
2, 881
What are the prime factors of 40688?
2, 2543
What are the prime factors of 242?
2, 11
What are the prime factors of 5366?
2, 2683
List the prime factors of 19836.
2, 3, 19, 29
List the prime factors of 6389.
6389
List the prime factors of 17930.
2, 5, 11, 163
What are the prime factors of 21838?
2, 61, 179
What are the prime factors of 2091?
3, 17, 41
What are the prime factors of 762?
2, 3, 127
List the prime factors of 21118.
2, 10559
List the prime factors of 19.
19
What are the prime factors of 6033?
3, 2011
What are the prime factors of 29386?
2, 7, 2099
List the prime factors of 1059.
3, 353
What are the prime factors of 1100?
2, 5, 11
What are the prime factors of 886?
2, 443
What are the prime factors of 23750?
2, 5, 19
What are the prime factors of 41327?
11, 13, 17
What are the prime factors of 1286?
2, 643
List the prime factors of 29181.
3, 71, 137
What are the prime factors of 2457?
3, 7, 13
List the prime factors of 49689.
3, 5521
List the prime factors of 2812.
2, 19, 37
What are the prime factors of 11471?
11471
List the prime factors of 1603.
7, 229
What are the prime factors of 4199?
13, 17, 19
List the prime factors of 354.
2, 3, 59
List the prime factors of 5742.
2, 3, 11, 29
What are the prime factors of 12714?
2, 3, 13, 163
What are the prime factors of 97331?
13, 7487
List the prime factors of 767.
13, 59
List the prime factors of 23858.
2, 79, 151
What are the prime factors of 63872?
2, 499
What are the prime factors of 2193?
3, 17, 43
What are the prime factors of 4418?
2, 47
List the prime factors of 38914.
2, 19457
List the prime factors of 105248.
2, 11, 13, 23
What are the prime factors of 3548?
2, 887
List the prime factors of 6796.
2, 1699
List the prime factors of 21440.
2, 5, 67
List the prime factors of 677.
677
What are the prime factors of 7718?
2, 17, 227
List the prime factors of 811.
811
What are the prime factors of 127796?
2, 43, 743
List the prime factors of 4217.
4217
List the prime factors of 703.
19, 37
List the prime factors of 978.
2, 3, 163
List the prime factors of 60454.
2, 167, 181
What are the prime factors of 68766?
2, 3, 73, 157
List the prime factors of 2061.
3, 229
List the prime factors of 83915.
5, 13, 1291
What are the prime factors of 5061?
3, 7, 241
What are the prime factors of 17659?
17659
What are the prime factors of 7077?
3, 7, 337
What are the prime factors of 4316?
2, 13, 83
List the prime factors of 2338.
2, 7, 167
What